552?
2, 11, 19, 172583
List the prime factors of 1942860691.
17, 421, 271463
List the prime factors of 9400685.
5, 7, 41, 6551
What are the prime factors of 53301338?
2, 31, 43, 19993
List the prime factors of 204719355.
3, 5, 17, 41, 61, 107
List the prime factors of 1154874245.
5, 7, 19, 1736653
What are the prime factors of 429261728?
2, 7, 631, 3037
What are the prime factors of 151944022?
2, 971, 78241
List the prime factors of 426590802.
2, 3, 11, 2154499
List the prime factors of 2534103969.
3, 73, 11571251
List the prime factors of 1283980106.
2, 23, 109, 256079
List the prime factors of 941728505.
5, 347, 542783
List the prime factors of 3329219207.
3329219207
List the prime factors of 3204979155.
3, 5, 7, 10174537
List the prime factors of 201771735.
3, 5, 11, 19, 5851
List the prime factors of 1193513909.
7, 79, 139, 15527
What are the prime factors of 1922341814?
2, 647, 1485581
What are the prime factors of 138973294?
2, 69486647
What are the prime factors of 28672106?
2, 14336053
List the prime factors of 1765765613.
563, 3136351
What are the prime factors of 102497414?
2, 51248707
What are the prime factors of 1171040677?
29, 2689, 15017
What are the prime factors of 614122979?
1553, 395443
What are the prime factors of 64733822?
2, 23, 1407257
What are the prime factors of 5142923850?
2, 3, 5, 34286159
List the prime factors of 405066602.
2, 37, 761, 7193
List the prime factors of 815251696.
2, 7, 19, 383107
What are the prime factors of 105402451?
7, 11, 149, 9187
What are the prime factors of 978478781?
7, 3181, 43943
List the prime factors of 302298169.
302298169
List the prime factors of 122011996.
2, 19, 1605421
List the prime factors of 86143462.
2, 43071731
List the prime factors of 716193111.
3, 109, 2190193
List the prime factors of 2433524849.
7, 347646407
List the prime factors of 277461082.
2, 138730541
List the prime factors of 385374851.
385374851
What are the prime factors of 136143907?
173, 786959
List the prime factors of 6969889060.
2, 5, 37, 131, 71899
List the prime factors of 619797456.
2, 3, 1153, 3733
What are the prime factors of 966809149?
37, 83, 3793
List the prime factors of 792430545.
3, 5, 109, 211, 2297
What are the prime factors of 2233705670?
2, 5, 7, 53, 86011
What are the prime factors of 1050402981?
3, 61, 5739907
What are the prime factors of 1173902920?
2, 5, 4637, 6329
List the prime factors of 381172663.
381172663
List the prime factors of 46767093.
3, 15589031
List the prime factors of 55168063.
29, 1902347
What are the prime factors of 820153709?
41, 233, 85853
What are the prime factors of 205935813?
3, 19, 23, 52361
List the prime factors of 2756677525.
5, 7, 2250349
List the prime factors of 1251381418.
2, 7, 41, 2180107
What are the prime factors of 277968790?
2, 5, 11, 37, 163, 419
What are the prime factors of 70828267?
43, 263, 6263
What are the prime factors of 3080706040?
2, 5, 101, 131, 5821
List the prime factors of 3998455958.
2, 7, 113, 51581
What are the prime factors of 700426536?
2, 3, 29184439
List the prime factors of 6808549171.
23, 3583, 82619
What are the prime factors of 934200228?
2, 3, 13, 277, 1663
What are the prime factors of 1283996092?
2, 71, 4521113
List the prime factors of 144006186.
2, 3, 41, 585391
What are the prime factors of 3162324149?
131, 431, 56009
What are the prime factors of 1889726654?
2, 41, 257, 89671
List the prime factors of 2429686300.
2, 5, 101, 109, 2207
List the prime factors of 253748930.
2, 5, 25374893
List the prime factors of 90143222.
2, 13, 43, 80629
List the prime factors of 104578298.
2, 11, 1307, 3637
List the prime factors of 1429090458.
2, 3, 1129, 210967
List the prime factors of 1154881575.
3, 5, 199, 25793
List the prime factors of 80842079.
23, 31, 113383
What are the prime factors of 82356130?
2, 5, 223, 36931
List the prime factors of 60443386.
2, 30221693
List the prime factors of 10437028.
2, 7, 372751
What are the prime factors of 167773037?
53, 661, 4789
What are the prime factors of 1368443065?
5, 11, 103, 241561
List the prime factors of 76433975.
5, 1051, 2909
What are the prime factors of 2252889511?
2252889511
What are the prime factors of 536134179?
3, 7, 263, 97073
What are the prime factors of 174539529?
3, 19, 47, 127
List the prime factors of 1610431624.
2, 17, 11841409
What are the prime factors of 512898440?
2, 5, 37, 346553
What are the prime factors of 60842375?
5, 11, 44249
What are the prime factors of 220298754?
2, 3, 13, 431, 6553
What are the prime factors of 47720887?
17, 2807111
What are the prime factors of 3944393645?
5, 83, 9504563
What are the prime factors of 22679632?
2, 17, 199, 419
List the prime factors of 63432665.
5, 31, 97, 4219
List the prime factors of 1020939.
3, 53, 6421
List the prime factors of 4403983189.
227, 991, 19577
List the prime factors of 111978673.
367, 305119
List the prime factors of 51764892.
2, 3, 19, 89, 2551
What are the prime factors of 40810557?
3, 17, 103, 457
What are the prime factors of 609017897?
23, 1439, 18401
What are the prime factors of 33073282?
2, 11, 29, 51839
List the prime factors of 19395675.
3, 5, 13, 19, 349
What are the prime factors of 45273290?
2, 5, 307, 14747
What are the prime factors of 385292957?
7, 1873, 29387
List the prime factors of 3082332021.
3, 4937, 208111
List the prime factors of 2013119029.
73, 883, 31231
List the prime factors of 5762033221.
7, 61, 83, 367, 443
What are the prime factors of 909634240?
2, 5, 31, 47, 1951
What are the prime factors of 149242678?
2, 13, 5740103
What are the prime factors of 806117607?
3, 89568623
List the prime factors of 1090212314.
2, 22367, 24371
List the prime factors of 14352478.
2, 7, 277, 3701
List the prime factors of 570183672.
2, 3, 17, 1397509
What are the prime factors of 304861001?
13789, 22109
What are the prime factors of 28202802?
2, 3, 19, 247393
What are the prime factors of 265397925?
3, 5, 13, 272203
List the prime factors of 54730693.
54730693
What are the prime factors of 205097027?
17, 12064531
What are the prime factors of 64104364?
2, 967, 16573
What are the prime factors of 1253318524?
2, 313329631
List the prime factors of 25631597.
17, 661, 2281
What are the prime factors of 890366839?
503, 1770113
What are the prime factors of 464402457?
3, 109, 157799
What are the prime factors of 215179874?
2, 7, 13, 168901
What are the prime factors of 1834590648?
2, 3, 11, 6949207
What are the prime factors of 84676072?
2, 13, 814193
What are the prime factors of 1512572779?
41, 397, 92927
What are the prime factors of 73328976?
2, 3, 7, 59, 137
List the prime factors of 678337123.
678337123
List the prime factors of 152283469.
13, 53, 221021
What are the prime factors of 727021681?
19, 1847, 20717
List the prime factors of 194219287.
239, 812633
What are the prime factors of 571770374?
2, 7, 40840741
What are the prime factors of 220012166?
2, 11, 43, 232571
What are the prime factors of 11434809?
3, 89, 113, 379
What are the prime factors of 70074355?
5, 13, 331, 3257
List the prime factors of 93400866.
2, 3, 13, 399149
What are the prime factors of 29119220?
2, 5, 13, 111997
What are the prime factors of 863064512?
2, 19, 23, 30859
List the prime factors of 37617305.
5, 11, 23, 131, 227
List the prime factors of 5728130725.
5, 229125229
List the prime factors of 191218691.
71, 1217, 2213
What are the prime factors of 6078518?
2, 19, 8419
What are the prime factors of 7585337868?
2, 3, 632111489
What are the prime factors of 18467984?
2, 17, 43, 1579
What are the prime factors of 2212380398?
2, 173, 6394163
List the prime factors of 6096290289.
3, 2032096763
List the prime factors of 890527184.
2, 17, 79, 41443
What are the prime factors of 383167751?
97, 3950183
What are the prime factors of 102918184?
2, 59, 218047
What are the prime factors of 712897794?
2, 3, 7, 71, 101, 263
List the prime factors of 66105226.
2, 11, 113, 26591
List the prime factors of 121450543.
1427, 85109
What are the prime factors of 4906844833?
11, 389, 1146727
What are the prime factors of 495849807?
3, 229, 240587
What are the prime factors of 680422388?
2, 41, 4148917
What are the prime factors of 6073487786?
2, 43, 70621951
List the prime factors of 2721630272.
2, 1459, 29147
What are th